 - 10*t - t**2 + 2*t**2. Let l be n(-11). Calculate the greatest common factor of l and 18.
18
Suppose 3*t + 2*h - 24 = 9, -h - 68 = -5*t. Calculate the greatest common divisor of t and 416.
13
Suppose 0 = -3*f + 4*f + 3*r + 63, f = 5*r - 55. Let b be 51/(-5*4/f). Suppose -2*n = -6*n + 68. Calculate the greatest common divisor of b and n.
17
Let x = 1353 + -1289. What is the highest common factor of 144 and x?
16
Let o(d) = -2*d. Let b(r) = 26*r + 6. Let x(t) = 2*b(t) + 22*o(t). Let i be x(9). Suppose 0 = -8*w + 3*w + 280. Calculate the highest common factor of i and w.
28
Let o be 4/10 + 70/(-50). Let b be 3/o - 1*-153. Let w be 2 - 26*(-1)/2. What is the highest common factor of w and b?
15
Suppose 7*w - 1257 = 696. Calculate the greatest common divisor of w and 27.
9
Let q be (-1383)/(-12) + 3/4. Let l = -101 + q. Calculate the greatest common factor of l and 12.
3
Let n(f) = f**3 + 5*f**2. Let c be n(-5). Let m = 15 + c. What is the greatest common divisor of 10 and m?
5
Let x(c) = -51*c - 680. Let f be x(-15). Let j = 9 + 8. What is the greatest common factor of j and f?
17
Suppose -5*u - 20 = -g, u - 4*g = -2 - 2. Let d be u + (4/2 - -3). Calculate the highest common divisor of d and 9.
1
Let g = 292 + -147. Let w(p) = -p**3 - 7*p**2 - 8*p + 2. Suppose -5*c + 3*c - 14 = 0. Let y be w(c). What is the greatest common divisor of g and y?
29
Suppose -2*s + 3*t - 2*t + 36 = 0, 0 = -5*s - 2*t + 108. Let o be 1/(188/(-32) - -6). What is the highest common factor of o and s?
4
Let z(k) be the second derivative of k - 15/2*k**2 + 0 - 4/3*k**3 + 1/12*k**4. Let w be z(10). What is the highest common divisor of 5 and w?
5
Let l be (1*2)/((-268)/(-21306)). Calculate the greatest common divisor of l and 53.
53
Suppose -14*n + 6 = -190. What is the highest common factor of n and 98?
14
Let r be (-4)/22 + (-5274)/33. Let n be r/(-50) + (-1)/5. What is the greatest common divisor of n and 24?
3
Let f = -237 + 281. What is the highest common factor of 11 and f?
11
Let p be 110/(-4) + 2/(-4). Suppose 3*j + 5*m - 218 + 43 = 0, -3*j = 3*m - 171. Let u = j + p. What is the highest common factor of u and 18?
9
Let p be 4/18 + 13224/27. Let t = 540 - 194. Let s = p - t. What is the greatest common factor of s and 16?
16
Let y(k) = k**2 + 9*k + 55. Let v be y(-12). What is the greatest common divisor of v and 21?
7
Let v be 6/18 + (-338)/(-3). Let g = v + -29. What is the highest common divisor of 4 and g?
4
Suppose -b - 4*j = -3*j - 44, -100 = -2*b + j. Let m(s) = 5*s - 82. Let t be m(22). Let r = t - 12. What is the greatest common factor of b and r?
16
Let d = -255 + 278. What is the greatest common divisor of d and 667?
23
Let f = 1837 - -332. Calculate the greatest common factor of f and 9.
9
Let n(c) = c + 11. Let k be n(7). Let q = 33 - k. What is the greatest common divisor of q and 15?
15
Let b(f) = -11*f + 13. Let c be b(-10). Let q = c + -52. Let k = -39 + q. Calculate the highest common divisor of k and 80.
16
Suppose -o = -3*o + 24. Suppose 0*d - 159*d - 74*d = -22368. What is the highest common factor of o and d?
12
Let y be ((-688)/(-4))/(2 + 0). Suppose -34 = -6*v + y. What is the highest common divisor of 30 and v?
10
Suppose p - 34 = -4*z, z + 1 - 2 = 0. What is the greatest common factor of p and 135?
15
Let g be -2*(-3 + 2) - -7. Let k = g + 0. Suppose u - k = 15. What is the greatest common factor of u and 48?
24
Let n be 1416/7*(-2184)/(-234). Calculate the greatest common factor of 59 and n.
59
Let v be (1 + (1 - 10))/(-2). Suppose 5*r + 2*i - 18 - 25 = 0, -v*i - 4 = 0. Let l = r + -3. What is the highest common factor of 15 and l?
3
Let y be 0 - (-240)/(1 - -2). Let u be (-12)/54 + 29/9. Let s = u + 29. What is the highest common divisor of s and y?
16
Suppose -3*z + 248 = -115. Suppose g = -2*w + 3*w, -w + 4 = g. Suppose 6*b - 7 = 5*b + 4*u, 2*u = g. What is the highest common factor of z and b?
11
Let k = 6 + -4. Let n be (-31)/(-2) + (-3)/k. What is the greatest common factor of 14 and n?
14
Let s = 8 + -4. Suppose -4*h = -0*h - s. Let d(g) = -g. Let o be d(-7). What is the highest common divisor of o and h?
1
Suppose 10 = u - 22. Let l = u - 10. Calculate the highest common factor of 55 and l.
11
Let c(m) = m**3 - 14*m**2 + 29*m + 31. Let u be c(14). Calculate the highest common factor of u and 114.
19
Let t(j) = j + 88. Let g(a) = -18. Let d(r) = -11*g(r) - 2*t(r). Let f be d(8). Calculate the greatest common factor of f and 33.
3
Let p = -609 + 645. Calculate the highest common divisor of p and 228.
12
Let a = 243 - 54. Suppose 5*m = -4*m + a. What is the highest common divisor of 21 and m?
21
Let y(s) = -s**3 - s**2 + 9*s + 8. Let v be y(-4). What is the greatest common divisor of v and 140?
20
Let f = -25 + 30. Suppose 4 = -g - f. Let o be (-1)/(-3)*(-6 - g). Calculate the greatest common divisor of 9 and o.
1
Suppose -2*f = -2*q + 2*f + 86, 5*q - 228 = -3*f. Suppose 0 = -10*r + 13*r + 5*w - 25, 4*w = -3*r + 23. Calculate the highest common factor of q and r.
5
Let y(i) = 13*i + 4. Let a be y(-2). Let b(t) = t**2 + 20*t - 5. Let z be b(a). What is the highest common factor of 156 and z?
39
Suppose -2*d - 32 = 5*g, -3*d - 2 = g + 7. Let c = g - -6. Suppose -a - x + 0*x + 39 = c, -2*a + 3*x + 83 = 0. Calculate the highest common factor of 8 and a.
8
Let r(s) = -7*s**3 - 9*s**2 - 27*s - 117. Let a be r(-6). What is the greatest common divisor of 9 and a?
9
Let i(t) = -t + 16. Let q be i(10). What is the highest common divisor of q and 33?
3
Let l(o) = o + 37. Let d be l(15). Let p(i) = i**2 + 18*i + 39. Let f be p(-18). What is the highest common divisor of f and d?
13
Let i = -97 + 99. What is the highest common divisor of 10 and i?
2
Let d be 346/14 - -2 - 26/(-91). Let c = d - 12. Let t = 13 + -7. What is the highest common factor of c and t?
3
Let a = 4 - -14. Let h(v) = v + 54. Let b be h(18). Calculate the greatest common divisor of b and a.
18
Let n(i) = -i**3 + 5*i**2 + 2*i - 2. Let f be 3*1 + 8 + -6. Let q be n(f). Let l be (10/q)/(1/12). Calculate the highest common factor of 45 and l.
15
Let r = 263 + -131. Suppose 13*t - r = 9*t. What is the highest common factor of t and 3?
3
Let b(p) = -2*p + 21. Let h be b(7). Suppose -h*q + q + 60 = 0. What is the highest common factor of q and 10?
10
Let u = 18 - 7. Let r be 56 - 1/(-3 + -2 - -6). Calculate the greatest common factor of u and r.
11
Let w be ((-44)/5)/((-6)/15 + 0). Suppose -2*y + 12 = 4*q, -5*y - q + w = q. Let x be (-38)/(-4) - (-2)/4. What is the greatest common divisor of x and y?
2
Suppose -21 + 61 = -5*g. Let a(p) = -p**3 - 8*p**2 - 2*p - 6. Let h be a(g). What is the greatest common divisor of 15 and h?
5
Suppose -f - c = -27, -3*c + 126 + 9 = 5*f. Suppose -4*t + 3*p = -321, 0*p + 3*p = 5*t - 402. Calculate the highest common factor of t and f.
27
Suppose 16 = 5*b - 389. Let u(l) = l**3 + 8*l**2 - 11*l - 3. Let j be u(-9). Let o = j + -6. What is the highest common divisor of o and b?
9
Suppose -12*r + 8*r + 4 = 0. Let y(a) = 129*a**3 - 1. Let d be y(r). Calculate the highest common divisor of d and 32.
32
Let q(m) = m**3 + 10*m**2 - 11*m - 48. Let f be q(-10). Calculate the greatest common divisor of f and 558.
62
Let z(m) = 4*m - 39. Let l(s) = -s**2 + 14*s - 31. Let w be l(7). Let v be z(w). What is the greatest common factor of 297 and v?
33
Let g(p) = 14*p**2 + 6*p + 18. Let v be g(-3). Suppose 0 = -4*w - 5*k + 81, 4*w = 4*k + 45 - 9. Calculate the highest common divisor of w and v.
14
Let z be 1*(-2)/(-3)*3. Suppose -z*t = -b - 29, 3*b = 4*t - 9 - 48. Let g be 27*-5*(-6)/18. Calculate the greatest common divisor of g and t.
15
Let y(t) = -139*t - 794. Let c be y(-6). Calculate the greatest common divisor of 580 and c.
20
Let c(t) = -15*t - 256. Let l be c(-22). Calculate the greatest common divisor of 74 and l.
74
Let b be (-5 - 0 - -2)/((-3)/2). Suppose q - 24 = -b*s, -s + 4 + 8 = -5*q. Calculate the greatest common factor of s and 48.
12
Let n(x) = x**3 + 9*x**2 - 2*x - 52. Let p be n(-7). Let z be (36/(-1))/((-3)/2). Calculate the highest common divisor of p and z.
12
Let v(a) = a**2 + 3*a - 5. Suppose -2*j - 8 = -12. Let k be v(j). What is the highest common factor of k and 15?
5
Let k = 90 + -60. Let o be k - 0*1/(-4). Suppose -5*j + 4*x + 70 = 